he prime factors of 979119082.
2, 89, 5500669
What are the prime factors of 30307558?
2, 15153779
List the prime factors of 220339376.
2, 1759, 7829
List the prime factors of 1930205148.
2, 3, 71, 2265499
What are the prime factors of 338388630?
2, 3, 5, 137, 281, 293
What are the prime factors of 1150375776?
2, 3, 11, 31, 35141
What are the prime factors of 138551?
7, 19793
What are the prime factors of 20416228?
2, 7, 31, 43, 547
List the prime factors of 441879341.
2851, 154991
What are the prime factors of 36554294?
2, 7, 373003
What are the prime factors of 439664975?
5, 3511, 5009
What are the prime factors of 421595774?
2, 210797887
What are the prime factors of 87677980?
2, 5, 13, 337223
What are the prime factors of 1049479408?
2, 263, 461, 541
What are the prime factors of 42265266?
2, 3, 7044211
What are the prime factors of 1634439281?
53, 30838477
What are the prime factors of 60497595?
3, 5, 157, 8563
List the prime factors of 155637411.
3, 51879137
List the prime factors of 6147225621.
3, 37, 6153379
List the prime factors of 32818741.
37, 886993
What are the prime factors of 862844048?
2, 11, 47, 104309
What are the prime factors of 27246251?
157, 173543
List the prime factors of 314196398.
2, 157098199
What are the prime factors of 3645512949?
3, 13, 23, 37, 109841
What are the prime factors of 21955596?
2, 3, 13, 140741
List the prime factors of 75421751.
75421751
What are the prime factors of 53281752?
2, 3, 2220073
What are the prime factors of 110732352?
2, 3, 576731
What are the prime factors of 842216463?
3, 11, 29, 31, 9463
What are the prime factors of 1305922082?
2, 17, 38409473
What are the prime factors of 42036886?
2, 17, 43, 28753
What are the prime factors of 146779031?
7, 23, 911671
What are the prime factors of 893728475?
5, 71, 311, 1619
List the prime factors of 1581933548.
2, 13, 2357, 12907
List the prime factors of 704586943.
13963, 50461
What are the prime factors of 4870968286?
2, 53, 773, 59447
List the prime factors of 3624975604.
2, 906243901
List the prime factors of 404427320.
2, 5, 11, 919153
List the prime factors of 99296933.
43, 2309231
List the prime factors of 5091286247.
37, 71, 199, 9739
List the prime factors of 839883614.
2, 19387, 21661
What are the prime factors of 115989821?
29, 1471, 2719
List the prime factors of 623303765.
5, 7, 547, 4651
List the prime factors of 225705791.
225705791
What are the prime factors of 47780555?
5, 139, 68749
List the prime factors of 46200255.
3, 5, 3080017
What are the prime factors of 959647650?
2, 3, 5, 13, 199, 2473
What are the prime factors of 9258740?
2, 5, 462937
What are the prime factors of 320399415?
3, 5, 7, 31, 10937
What are the prime factors of 11372961?
3, 1031, 3677
What are the prime factors of 6847723795?
5, 11, 127, 503, 1949
List the prime factors of 3651665609.
3651665609
What are the prime factors of 390311893?
701, 556793
List the prime factors of 3245849.
3245849
What are the prime factors of 413534081?
413534081
List the prime factors of 43254182.
2, 21627091
List the prime factors of 56149988.
2, 2579, 5443
List the prime factors of 227400657.
3, 11, 277, 24877
List the prime factors of 38967273.
3, 4329697
What are the prime factors of 67323659?
13, 5178743
What are the prime factors of 1643488373?
21121, 77813
What are the prime factors of 309788326?
2, 107, 1447609
List the prime factors of 3771154086.
2, 3, 7, 19, 4725757
List the prime factors of 370933861.
149, 197, 12637
What are the prime factors of 1045732897?
11, 95066627
What are the prime factors of 7267058032?
2, 13, 29, 47, 25633
What are the prime factors of 448431341?
109, 673, 6113
What are the prime factors of 8044534100?
2, 5, 31, 47, 55213
List the prime factors of 1206430549.
1206430549
List the prime factors of 16642339.
7, 2377477
List the prime factors of 1177338804.
2, 3, 98111567
List the prime factors of 56662055.
5, 1621, 6991
List the prime factors of 1113815404.
2, 13, 2963, 7229
List the prime factors of 83676291.
3, 27892097
What are the prime factors of 4238585?
5, 13, 61, 1069
List the prime factors of 1716380038.
2, 31, 27683549
What are the prime factors of 657109128?
2, 3, 13, 727, 2897
What are the prime factors of 593399582?
2, 31, 61, 156901
What are the prime factors of 88615736?
2, 11, 131, 7687
List the prime factors of 168970483.
11, 15360953
List the prime factors of 1630686.
2, 3, 463, 587
What are the prime factors of 97808468?
2, 1993, 12269
What are the prime factors of 1694986526?
2, 479, 1769297
What are the prime factors of 261141390?
2, 3, 5, 2901571
List the prime factors of 152034625.
5, 1216277
What are the prime factors of 4015908320?
2, 5, 241, 104147
List the prime factors of 378687138.
2, 3, 17, 19, 195401
What are the prime factors of 2584534533?
3, 7, 79, 229, 6803
What are the prime factors of 494646524?
2, 4993, 24767
What are the prime factors of 596815202?
2, 2389, 124909
List the prime factors of 35962029.
3, 173, 7699
List the prime factors of 132072997.
7, 18867571
What are the prime factors of 212467252?
2, 271, 196003
List the prime factors of 1423293073.
89, 15992057
What are the prime factors of 1397730352?
2, 37, 2361031
What are the prime factors of 91164215?
5, 18232843
What are the prime factors of 486678432?
2, 3, 5069567
What are the prime factors of 2894270719?
12641, 228959
List the prime factors of 388265780.
2, 5, 7, 97, 28591
List the prime factors of 2909499934.
2, 11, 12022727
What are the prime factors of 144141000?
2, 3, 5, 23, 2089
List the prime factors of 79333670.
2, 5, 13, 23, 157
List the prime factors of 192792133.
101, 281, 6793
List the prime factors of 202247684.
2, 50561921
List the prime factors of 58895345.
5, 19, 67, 487
What are the prime factors of 500049914?
2, 7, 13, 2747527
What are the prime factors of 380469883?
380469883
List the prime factors of 67061285.
5, 13412257
List the prime factors of 5889958861.
593, 9932477
What are the prime factors of 2629759661?
2629759661
List the prime factors of 472944340.
2, 5, 11, 1103, 1949
List the prime factors of 38547196.
2, 109, 88411
List the prime factors of 72897082.
2, 487, 74843
List the prime factors of 64405727.
23, 2800249
List the prime factors of 3627139933.
37, 4349, 22541
What are the prime factors of 788243023?
788243023
List the prime factors of 3905100225.
3, 5, 13, 31, 43067
List the prime factors of 1149687293.
73, 157, 100313
What are the prime factors of 25568096?
2, 799003
List the prime factors of 3757804504.
2, 71, 6615853
List the prime factors of 114585212.
2, 7, 353, 11593
List the prime factors of 174580990.
2, 5, 17, 1026947
What are the prime factors of 4110997190?
2, 5, 73, 1847, 3049
What are the prime factors of 36490491?
3, 4054499
List the prime factors of 848847983.
31, 2417, 11329
What are the prime factors of 149889917?
19, 2203, 3581
What are the prime factors of 1866490068?
2, 3, 41, 367, 10337
What are the prime factors of 49081998?
2, 3, 7, 1168619
What are the prime factors of 34710680?
2, 5, 23, 29, 1301
List the prime factors of 114626887.
114626887
List the prime factors of 80708485.
5, 11, 13, 19, 457
List the prime factors of 3726153463.
61, 151, 404533
List the prime factors of 107480402.
2, 113, 173, 2749
List the prime factors of 873321783.
3, 443, 657127
What are the prime factors of 3418376555?
5, 11, 62152301
What are the prime factors of 152176741?
17, 47, 283, 673
What are the prime factors of 485536567?
485536567
List the prime factors of 340830585.
3, 5, 31, 9049
What are the prime factors of 381433641?
3, 17, 31, 241261
What are the prime factors of 1967943997?
59, 61, 463, 1181
What are the prime factors of 904762326?
2, 3, 13, 1931, 6007
What are the prime factors of 901299736?
2, 1289, 87403
What are the prime factors of 222116806?
2, 107, 1037929
List the prime factors of 1130504533.
23, 49152371
What are the prime factors of 6125728811?
6125728811
List the prime factors of 3039557102.
2, 53, 659, 821
What are the prime factors of 102052229?
599, 170371
List the prime factors of 588339508.
2, 227, 647951
What are the prime factors of 112422422?
2, 7, 521, 15413
What are the prime factors of 271996284?
2, 3, 7, 3238051
List the prime factors of 1156238912.
2, 337, 